Does 391 divide 60587405?
True
Does 8 divide 80378485?
False
Is 33822842 a multiple of 474?
False
Is 15 a factor of 379044282?
False
Is 872 a factor of 320268514?
False
Does 44 divide 3470367631?
False
Is 372 a factor of 2113244436?
False
Is 81 a factor of 77634154?
False
Does 559 divide 9479522?
True
Is 1387738132 a multiple of 44?
True
Is 817 a factor of 3632670?
False
Is 22 a factor of 16576098?
True
Is 124 a factor of 83173679?
False
Is 259 a factor of 2200723?
True
Does 10 divide 3807070?
True
Does 22 divide 746391280?
False
Is 4466939 a multiple of 6?
False
Is 178965919 a multiple of 17?
True
Is 2615281452 a multiple of 21?
True
Is 4257 a factor of 1599910052?
False
Is 237662590 a multiple of 22?
True
Is 120571839 a multiple of 796?
False
Is 623 a factor of 17234049?
True
Is 167936597 a multiple of 333?
False
Is 639627702 a multiple of 2931?
False
Is 93951319 a multiple of 4?
False
Does 2 divide 7066751?
False
Is 2358 a factor of 253770318?
True
Does 4078 divide 1287991442?
True
Is 426 a factor of 21053405?
False
Does 10 divide 22253381?
False
Does 5720 divide 411290880?
True
Is 19887672 a multiple of 14?
True
Is 114 a factor of 534519358?
False
Does 1156 divide 26858291?
False
Is 11 a factor of 30401338?
True
Does 167 divide 14229235?
True
Is 10 a factor of 252609600?
True
Is 24 a factor of 318575579?
False
Is 269354507 a multiple of 401?
True
Is 45 a factor of 319784044?
False
Is 73 a factor of 47783975?
True
Does 1553 divide 43171847?
True
Does 6 divide 619226880?
True
Is 4 a factor of 120633808?
True
Is 91591725 a multiple of 74?
False
Is 1250237718 a multiple of 1306?
True
Is 1688997796 a multiple of 172?
False
Does 5583 divide 203394273?
True
Is 27756040 a multiple of 68?
False
Does 744 divide 355364160?
True
Is 1535159755 a multiple of 1099?
False
Is 11 a factor of 92750263?
False
Does 914 divide 16418279?
False
Is 1540211598 a multiple of 27?
True
Does 31 divide 25683779?
True
Does 1171 divide 601996258?
False
Is 160784196 a multiple of 167?
False
Is 5 a factor of 30517775?
True
Is 1779178333 a multiple of 82?
False
Is 37244646 a multiple of 3?
True
Is 1828 a factor of 1028509576?
True
Is 1043249778 a multiple of 454?
True
Does 134 divide 43731972?
True
Does 14 divide 188651400?
True
Is 2097 a factor of 158830107?
False
Is 1332926726 a multiple of 7576?
False
Does 866 divide 60279662?
True
Does 9003 divide 875505738?
True
Is 3363551 a multiple of 435?
False
Does 2386 divide 723597448?
True
Is 4845612180 a multiple of 253?
False
Does 421 divide 63783427?
False
Does 37 divide 44749183?
False
Does 5 divide 8321135?
True
Is 58873248 a multiple of 7?
True
Is 21691656 a multiple of 7?
True
Does 1617 divide 236385996?
True
Is 533109170 a multiple of 310?
True
Is 423 a factor of 1109741243?
False
Is 430 a factor of 88127258?
False
Is 12 a factor of 3172092?
True
Is 62 a factor of 29441692?
True
Is 492 a factor of 151361603?
False
Is 67130427 a multiple of 13?
True
Is 168527380 a multiple of 35?
True
Does 634 divide 70182554?
False
Is 1886090054 a multiple of 9478?
False
Is 2927238498 a multiple of 333?
True
Does 66 divide 53875601?
False
Is 15 a factor of 1105511054?
False
Is 310 a factor of 95318113?
False
Is 16864727 a multiple of 2101?
True
Is 1520064 a multiple of 24?
True
Is 23 a factor of 331712946?
True
Is 9979 a factor of 863773190?
False
Is 57 a factor of 4060435?
False
Is 1180342743 a multiple of 301?
False
Is 38 a factor of 20603394?
False
Is 109250890 a multiple of 490?
True
Is 3 a factor of 626567?
False
Is 756 a factor of 49303296?
True
Is 12539822 a multiple of 880?
False
Does 251 divide 27029688?
True
Is 13278400 a multiple of 17?
False
Does 64 divide 109987904?
True
Does 5100 divide 4274347914?
False
Is 15 a factor of 31088805?
True
Does 929 divide 82368856?
True
Is 378140300 a multiple of 42?
False
Is 5 a factor of 103499212?
False
Does 147 divide 14787318?
True
Is 284515 a multiple of 2?
False
Is 290568482 a multiple of 19?
True
Is 1509436572 a multiple of 39?
False
Is 1259795682 a multiple of 387?
True
Does 8 divide 30651?
False
Is 65 a factor of 169175586?
False
Is 110 a factor of 38786880?
True
Does 85 divide 3896933?
False
Is 143 a factor of 1351370020?
True
Does 130 divide 25247056?
False
Is 14840349 a multiple of 579?
True
Does 82 divide 51682386?
True
Is 229 a factor of 1485294000?
True
Is 797 a factor of 597072860?
False
Does 73 divide 135210034?
False
Does 217 divide 433912531?
False
Is 203997950 a multiple of 650?
True
Is 38003279 a multiple of 7?
False
Is 601 a factor of 185161564?
False
Is 16974576 a multiple of 16?
True
Is 141511383 a multiple of 9?
True
Does 5 divide 46701312?
False
Is 74 a factor of 711451362?
False
Is 13617490 a multiple of 190?
True
Does 35 divide 12506731?
False
Is 28919596 a multiple of 779?
True
Is 32298692 a multiple of 521?
False
Is 876 a factor of 422356392?
True
Is 158848631 a multiple of 13?
False
Does 7 divide 71191538?
False
Is 43 a factor of 135579860?
True
Is 26457960 a multiple of 148?
True
Is 14 a factor of 52585722?
True
Does 14 divide 549536230?
False
Is 373650032 a multiple of 365?
False
Is 105 a factor of 15631035?
True
Does 120 divide 8909880?
True
Is 137 a factor of 137527928?
False
Is 93 a factor of 10047255?
True
Is 602611581 a multiple of 6422?
False
Does 216 divide 99636048?
True
Is 919081719 a multiple of 101?
True
Is 7175512 a multiple of 137?
True
Is 2332769000 a multiple of 100?
True
Does 10 divide 414616248?
False
Is 256015920 a multiple of 6?
True
Is 18440133 a multiple of 81?
False
Is 123 a factor of 109542078?
True
Does 238 divide 2291880976?
True
Does 316 divide 581343620?
True
Does 8680 divide 2167170320?
True
Is 149654507 a multiple of 1390?
False
Is 140 a factor of 120277604?
False
Is 48 a factor of 1097243081?
False
Is 213157107 a multiple of 43?
False
Is 125054838 a multiple of 738?
True
Does 3050 divide 258640000?
True
Does 67 divide 74426633?
False
Is 132901433 a multiple of 2029?
False
Is 8 a factor of 343434936?
True
Is 20394968 a multiple of 75?
False
Is 17903295 a multiple of 255?
True
Is 43436900 a multiple of 1300?
True
Is 576316209 a multiple of 4841?
True
Does 6 divide 1830905131?
False
Is 32 a factor of 8910976?
True
Is 127 a factor of 226513556?
False
Does 3 divide 2852963?
False
Is 1729565009 a multiple of 35?
False
Does 55 divide 215255581?
False
Does 200 divide 4693008?
False
Does 230 divide 116732130?
True
Does 1211 divide 1052593934?
True
Is 12872049 a multiple of 115?
False
Is 35984784 a multiple of 633?
True
Is 490 a factor of 930152790?
True
Is 80587509 a multiple of 5?
False
Is 1409043775 a multiple of 775?
True
Is 472 a factor of 3659473?
False
Is 1999 a factor of 80423768?
True
Does 604 divide 950311252?
True
Does 23 divide 288011405?
True
Is 17 a factor of 164168441?
False
Is 34529558 a multiple of 298?
True
Is 48594980 a multiple of 2224?
False
Does 2406 divide 57178182?
False
Does 1049 divide 239208715?
True
Does 13 divide 824647200?
True
Does 9 divide 265755532?
False
Does 2726 divide 103196117?
False
Does 9 divide 619634234?
False
Does 15 divide 980205495?
True
Does 812 divide 47690384?
True
Is 189 a factor of 3946878495?
True
Is 406945154 a multiple of 19?
True
Does 615 divide 523874220?
True
Is 513 a factor of 267673601?
False
Is 35 a factor of 56536830?
True
Is 374 a factor of 284055992?
True
Does 2100 divide 1341142324?
False
Does 1727 divide 57631717?
True
Does 66 divide 634780650?
False
Is 1314 a factor of 447273774?
True
Is 811384823 a multiple of 17?
True
Is 24 a factor of 391837632?
True
Is 13 a factor of 11148709?
True
Does 23 divide 9814077?
True
Does 766 divide 11641213?
False
Is 15 a factor of 29455605?
True
Is 6 a factor of 17964821?
False
Is 72 a factor of 328024670?
False
Is 5745 a factor of 1535779556?
False
Is 74299524 a multiple of 52?
True
Is 35324672 a multiple of 935?
False
Does 158 divide 33632874?
False
Is 648587831 a multiple of 10?
False
Is 168838489 a multiple of 503?
True
Does 322 divide 438186294?
True
Is 1070144342 a multiple of 5216?
False
Is 498732456 a multiple of 438?
False
Is 215067971 a multiple of 1196?
False
Is 1585857981 a multiple of 543?
False
Is 563 a factor of 337117644?
True
Is 11 a factor of 4751505?
True
Does 9 divide 353800314?
True
Is 23 a factor of 5449635433?
True
Is